git of 29065026?
2
What is the thousands digit of 58548?
8
What is the thousands digit of 2308932?
8
What is the hundred thousands digit of 451681?
4
What is the units digit of 4812455?
5
What is the units digit of 586401?
1
What is the thousands digit of 29736?
9
What is the ten thousands digit of 109935?
0
What is the hundred thousands digit of 5612807?
6
What is the ten thousands digit of 462949?
6
What is the millions digit of 2876075?
2
What is the hundred thousands digit of 147435?
1
What is the hundreds digit of 806579?
5
What is the hundreds digit of 1298554?
5
What is the thousands digit of 17271080?
1
What is the hundreds digit of 669190?
1
What is the ten thousands digit of 467980?
6
What is the ten thousands digit of 27959185?
5
What is the hundreds digit of 1926207?
2
What is the hundreds digit of 588005?
0
What is the thousands digit of 88732?
8
What is the ten thousands digit of 8773956?
7
What is the thousands digit of 115154?
5
What is the millions digit of 5473262?
5
What is the ten thousands digit of 89841?
8
What is the units digit of 5302153?
3
What is the hundreds digit of 370573?
5
What is the hundreds digit of 1923369?
3
What is the units digit of 211209?
9
What is the hundreds digit of 75841?
8
What is the hundred thousands digit of 516240?
5
What is the tens digit of 4871?
7
What is the thousands digit of 5144464?
4
What is the tens digit of 7183757?
5
What is the ten thousands digit of 190688?
9
What is the units digit of 2197822?
2
What is the hundred thousands digit of 380318?
3
What is the units digit of 28156152?
2
What is the ten millions digit of 17143783?
1
What is the thousands digit of 759953?
9
What is the tens digit of 5472299?
9
What is the ten millions digit of 14028454?
1
What is the millions digit of 4851554?
4
What is the tens digit of 786726?
2
What is the tens digit of 1408536?
3
What is the tens digit of 251321?
2
What is the hundred thousands digit of 369391?
3
What is the units digit of 15380237?
7
What is the hundred thousands digit of 11296911?
2
What is the thousands digit of 167425?
7
What is the hundreds digit of 518652?
6
What is the hundreds digit of 220494?
4
What is the units digit of 154733?
3
What is the thousands digit of 1256286?
6
What is the thousands digit of 451270?
1
What is the units digit of 5533028?
8
What is the ten thousands digit of 1690247?
9
What is the ten millions digit of 16400074?
1
What is the hundred thousands digit of 212895?
2
What is the units digit of 926067?
7
What is the tens digit of 332560?
6
What is the units digit of 405790?
0
What is the tens digit of 277567?
6
What is the units digit of 3232510?
0
What is the hundreds digit of 9432531?
5
What is the thousands digit of 11662983?
2
What is the millions digit of 13377157?
3
What is the hundreds digit of 5106911?
9
What is the units digit of 1870449?
9
What is the thousands digit of 2479390?
9
What is the hundred thousands digit of 295478?
2
What is the thousands digit of 316112?
6
What is the thousands digit of 13806138?
6
What is the millions digit of 6013647?
6
What is the tens digit of 393107?
0
What is the units digit of 569789?
9
What is the tens digit of 3285170?
7
What is the units digit of 155225?
5
What is the units digit of 2044633?
3
What is the millions digit of 17409246?
7
What is the hundreds digit of 698289?
2
What is the ten millions digit of 11901195?
1
What is the tens digit of 3842285?
8
What is the ten thousands digit of 168902?
6
What is the units digit of 95772?
2
What is the ten thousands digit of 672470?
7
What is the tens digit of 5989833?
3
What is the tens digit of 8531539?
3
What is the hundreds digit of 349804?
8
What is the ten thousands digit of 5732573?
3
What is the hundreds digit of 388833?
8
What is the ten thousands digit of 37373?
3
What is the units digit of 741554?
4
What is the tens digit of 754244?
4
What is the hundreds digit of 696855?
8
What is the units digit of 195503?
3
What is the hundreds digit of 317334?
3
What is the thousands digit of 3600240?
0
What is the tens digit of 435358?
5
What is the ten thousands digit of 13811196?
1
What is the hundred thousands digit of 191676?
1
What is the hundreds digit of 114633?
6
What is the hundreds digit of 32583790?
7
What is the units digit of 2593418?
8
What is the millions digit of 5561815?
5
What is the thousands digit of 277099?
7
What is the tens digit of 3802850?
5
What is the thousands digit of 2123435?
3
What is the thousands digit of 614749?
4
What is the thousands digit of 10191135?
1
What is the tens digit of 151431?
3
What is the ten thousands digit of 267934?
6
What is the thousands digit of 2955479?
5
What is the hundreds digit of 2853947?
9
What is the hundreds digit of 725943?
9
What is the thousands digit of 168743?
8
What is the units digit of 102433?
3
What is the thousands digit of 15334?
5
What is the hundred thousands digit of 300305?
3
What is the tens digit of 110104?
0
What is the ten thousands digit of 152418?
5
What is the hundreds digit of 77000?
0
What is the units digit of 4482966?
6
What is the tens digit of 11884937?
3
What is the ten thousands digit of 7565155?
6
What is the hundred thousands digit of 424028?
4
What is the millions digit of 3686570?
3
What is the hundred thousands digit of 704484?
7
What is the ten thousands digit of 2026851?
2
What is the thousands digit of 2899398?
9
What is the thousands digit of 264030?
4
What is the tens digit of 20642061?
6
What is the thousands digit of 3412230?
2
What is the thousands digit of 575368?
5
What is the tens digit of 226643?
4
What is the units digit of 7972740?
0
What is the hundred thousands digit of 958496?
9
What is the tens digit of 264091?
9
What is the ten thousands digit of 886403?
8
What is the tens digit of 2771822?
2
What is the hundred thousands digit of 1663141?
6
What is the tens digit of 502055?
5
What is the units digit of 6381724?
4
What is the thousands digit of 16307060?
7
What is the hundred thousands digit of 967385?
9
What is the hundred thousands digit of 1505347?
5
What is the hundred thousands digit of 764729?
7
What is the thousands digit of 332495?
2
What is the tens digit of 11336063?
6
What is the hundreds digit of 6354417?
4
What is the ten thousands digit of 57056?
5
What is the hundred thousands digit of 115302?
1
What is the millions digit of 7702000?
7
What is the hundreds digit of 96750?
7
What is the ten thousands digit of 167834?
6
What is the millions digit of 25297467?
5
What is the thousands digit of 38615994?
5
What is the thousands digit of 412252?
2
What is the tens digit of 54698?
9
What is the tens digit of 24944799?
9
What is the ten thousands digit of 6970928?
7
What is the thousands digit of 407040?
7
What is the hundred thousands digit of 4573804?
5
What is the hundred thousands digit of 246894?
2
What is the ten thousands digit of 306972?
0
What is the thousands digit of 1218553?
8
What is the hundred thousands digit of 10360639?
3
What is the tens digit of 1378326?
2
What is the ten thousands digit of 1533680?
3
What is the hundreds digit of 387854?
8
What is the hundreds digit of 1334167?
1
What is the millions digit of 5865841?
5
What is the units digit of 7995620?
0
What is the tens digit of 2291936?
3
What is the ten thousands digit of 33944866?
4
What is the thousands digit of 1990789?
0
What is the thousands digit of 149273?
9
What is the hundreds digit of 618838?
8
What is the units digit of 33563?
3
What is the hundred thousands digit of 15948141?
9
What is the hundreds digit of 8471968?
9
What is the tens digit of 403286?
8
What is the thousands digit of 1566924?
6
What is the hundreds digit of 50036?
0
What is the units digit of 1398919?
9
What is the ten thousands digit of 858286?
5
What is the ten thousands digit of 795024?
9
What is the millions digit of 8517108?
8
What is the tens digit of 334191?
9
What is the units digit of 1164853?
3
What is the hundred thousands digit of 926041?
9
What is the thousands digit of 21264?
1
What is the ten thousands digit of 4868932?
6
What is the hundred thousands digit of 21447955?
4
What is the ten thousands digit of 893518?
9
What is the hundreds digit of 584852?
8
What is the ten thousands digit of 790483?
9
What is the ten 